3*l + 319. Calculate the remainder when x(7) is divided by f(7).
1
Let y(q) = q**2 + q + 1. Let v be y(2). Suppose v*j - 32 = 5*j. Suppose 3*l - j = 23. What is the remainder when l is divided by 4?
1
Suppose 0 = -4*w + 5*t - 16 + 79, -3*w + t = -50. What is the remainder when 269 is divided by w?
14
Let t = -24 + 39. Suppose v - t = -4*n, -5*v - 5*n + 8 = -82. What is the remainder when v is divided by (8/24)/(2/60)?
9
Let y = 99 - 49. What is the remainder when y is divided by 9?
5
Let u = -32 + 36. Suppose 7*q - 66 = u*q. What is the remainder when 84 is divided by q?
18
Suppose -5*p + 795 = -5*y, 3*p + y - 489 = -2*y. Let c = p - 97. Let d = -33 + c. Calculate the remainder when d is divided by 11.
9
Let u be -1 + 15 + (-8)/8. Let w = u + -3. What is the remainder when ((-3)/(-2))/((-3)/(-74)) is divided by w?
7
Suppose 0*w + 84 = w. Suppose -3*l + 186 = -3*m, 2*l = m + 39 + w. What is the remainder when l is divided by 16?
13
Let l = -121 + 165. What is the remainder when l is divided by 35?
9
Let t(a) = -3*a + 3. Let d be t(-3). Suppose -d - 14 = -2*r. Calculate the remainder when 88 is divided by r.
10
What is the remainder when 140 is divided by -9 + (90 - (2 + 2))?
63
Let x(w) = 24*w + 129. What is the remainder when 24 is divided by x(-5)?
6
Let c = 51 - 55. What is the remainder when 36 is divided by c/(-6)*(-285)/(-10)?
17
Let b be -4*(-4 - (-4 - 25)). Let z = 151 + b. Suppose -p - 6 = -33. What is the remainder when z is divided by p?
24
Let k = 9 - -1. Let j be (5 + 3)/(-1 - -3). Calculate the remainder when 26 is divided by j/k + 387/45.
8
Suppose -2324*s - 318 = -2330*s. What is the remainder when 293 is divided by s?
28
Let z = 497 + -458. What is the remainder when z is divided by 15?
9
Let z be (57/(-15) - -3)/(8/(-20)). Suppose -4*q - 5*o - 10 = -5*q, z*o = 8. What is the remainder when 118 is divided by q?
28
Let f = 13 - 38. Let g = 44 + f. Suppose -67 = -2*k + 3*p, -5*k - 3*p = -8*p - 170. Calculate the remainder when k is divided by g.
16
Let r be (-12)/(-16) - 362/(-8). Suppose 2*t = -5*k - 12 - 44, t - 2*k = -r. Let h = -23 - t. Calculate the remainder when 56 is divided by h.
11
Let p = -51 + 111. Calculate the remainder when 84 is divided by (-13)/((-26)/p) - 1.
26
Let u(k) = k**3 - 5*k**2 - 6*k. Let p be u(6). Suppose p = -4*c + 8, f + 4*c + 83 - 322 = 0. Calculate the remainder when f is divided by 39.
36
Suppose 2*l = 4*l + 6, q = -3*l - 4. Suppose -3*f + 5*f - 84 = 4*w, -q*f + 154 = 4*w. What is the remainder when 100 is divided by f?
32
Let a be 2*(-3)/(-2) + -6. Let z be 3*(-2)/a*1. Suppose -17 = -z*h + 57. What is the remainder when h is divided by 10?
7
Suppose 20 = 4*f - 0*f. Let i(z) = z**2 - 3 + 2*z + 1 + 3. Calculate the remainder when i(-4) is divided by f.
4
Let a = 108 - 73. Calculate the remainder when a is divided by ((-8)/(-6))/((-22)/33)*-6.
11
Suppose 17*t - t - 1152 = 0. What is the remainder when 104 is divided by t?
32
Let b(l) = 2*l**3 + 7*l**2 - 1. Calculate the remainder when -52*(2 + (-44)/16) is divided by b(-3).
7
Let j(z) = 5*z**3 + z**2 + 2. Let i be j(2). Let y = i + -31. Suppose 5*h = -3*c - 1, -13*c + 5*h = -10*c - 49. What is the remainder when y is divided by c?
7
Suppose 137 = 5*c + 4*i, -2*i - 116 = -5*c + 3. Suppose 5*y - 8*y + 18 = 0. Suppose -4*k - y = -42. Calculate the remainder when c is divided by k.
7
Suppose -q - 16 = -4*a, -3*a - 99 = 2*q - 23. Let j = -15 - q. Calculate the remainder when j is divided by 7.
3
Suppose -10 = -2*f + 4*f. Let l(m) = m**3 + 4*m**2 - 4*m + 2. Let j be l(f). Let c(o) = -12*o - 2. What is the remainder when c(j) is divided by 12?
10
Let s = 39 - 37. Suppose 3 = d, -x + s*x + 5*d - 35 = 0. What is the remainder when x is divided by 4?
0
Suppose -2*d + 18 = -0*d. Suppose 5*n - 1 = d. Suppose -l = -n*l + 4. What is the remainder when 15 is divided by l?
3
Let p = -105 + 172. What is the remainder when p is divided by 48?
19
Suppose 5*n - 2*d - 94 - 76 = 0, -4*n = 4*d - 164. What is the remainder when 199/3 - (-24)/n is divided by 17?
16
Let l(p) = -48*p + 3. Let o be l(-3). Let c = o + -82. Calculate the remainder when c is divided by 17.
14
Suppose 3*f - 4*l - 8 = f, -f - 3*l - 1 = 0. Let d(u) = -2 - 5 - 7 + u**2 + 0*u**f + 15*u. Calculate the remainder when 7 is divided by d(-16).
1
Calculate the remainder when 6 + -7 + -3 - (-130 + -2) is divided by 13.
11
Let g be (1/4)/((-1)/(-20)). Let h(q) = -3*q**3 - 5*q**2 - q**3 + 5*q - g*q**3 - 8 + 10*q**3. Calculate the remainder when h(6) is divided by 12.
10
Calculate the remainder when 3*(-11)/(-2)*2 is divided by (2/(-5))/(80/(-2000)).
3
Let m be ((-12)/(-36))/(1 + 4/(-3)). Calculate the remainder when 23 is divided by m/3*(-5 - 31).
11
Let k be 2/8 + (-57)/(-12). What is the remainder when 105/(-14)*(-16)/k is divided by 7?
3
Suppose -51*f + 2773 = 8*f. What is the remainder when 796 is divided by f?
44
Suppose p + 39 = 2*t, -2*t + 3*p + 33 = -0*t. Suppose t + 9 = 5*k - 2*b, -2*k + 31 = 3*b. Calculate the remainder when 13 is divided by k.
5
Let o = 2 - 7. Let t = o + 36. What is the remainder when t is divided by 8?
7
Suppose 2*y = 199 + 85. What is the remainder when y is divided by 48?
46
Let n(v) = 3*v**3 - 3*v**2 - 4*v + 1. Let p be n(3). Let q = 47 - p. Calculate the remainder when 57 is divided by q.
1
Let d = -88 + 92. Suppose -4*h = -d*p - p - 312, 0 = -4*h + 4*p + 312. What is the remainder when h is divided by 9?
6
Let r = 32 + -26. Suppose -r + 4 = 2*g. Let o = g - -12. What is the remainder when 53 is divided by o?
9
Suppose -4*q + 3 = s, -5 = -q + 2*s + 7. Calculate the remainder when 42 is divided by q.
0
Let z(c) = -35*c - 1. What is the remainder when z(-1) is divided by (12 - 5) + 13 - (-8)/(-4)?
16
Suppose -2*h + m = -6, -6*m = -m. Let l = -9 + h. What is the remainder when 51 is divided by (-110)/l + 2/(-6)?
15
Let s(v) = v**2 - 16*v + 3. Let q be s(8). Let r = q + 102. Calculate the remainder when 162 is divided by r.
39
Let q = 1 + -65. What is the remainder when -1 + (q/(-4) - -3) is divided by 5?
3
Suppose -s + 4 = -4*k - k, 2*k - 5*s = -20. What is the remainder when 2882/121 - ((-4)/22 - k) is divided by 7?
3
Let v be 10/3 - 8/(-12). Suppose -14 = -2*o + 4*t, 5*o - 3*t = v + 3. What is the remainder when 32 is divided by o*(-27)/(-6)*-2?
5
Let t = -825 - -862. Calculate the remainder when 327 is divided by t.
31
Let f = 56 + -41. Suppose -j = 4*j - 145. What is the remainder when j is divided by f?
14
Let c be 31/(-2)*8/(-4). Let j be 0 + c + 2/2. Let a = 73 - j. Calculate the remainder when a is divided by 21.
20
Suppose -2*x = 2*x - 8. Suppose -x*v + 36 = 2. Let w(q) = q**3 - q**2 + q + 9. What is the remainder when v is divided by w(0)?
8
Suppose -d = -f + 17, -4*f - 5*d - 10 + 78 = 0. Suppose 0 = -5*t + f + 8. Calculate the remainder when 30 is divided by t.
0
What is the remainder when (-534)/(-18) - -1 - (-4)/3 is divided by 18?
14
Let m(u) = -3*u**3 + 17*u**2 - 13*u + 40. What is the remainder when 272 is divided by m(5)?
22
Suppose 895 - 1423 = -12*o. What is the remainder when o is divided by 2?
0
Let m(p) = p**3 - 12*p**2 + 8*p + 25. What is the remainder when m(12) is divided by 31?
28
Let u(f) = 2*f**3 + 16*f**2 + 7*f - 37. What is the remainder when 324 is divided by u(-6)?
64
Suppose -21*g + 31*g - 370 = 0. What is the remainder when g is divided by 12?
1
Let u be (2 - 5)/((-10)/8 + 1). Suppose 227 + 145 = u*m. Calculate the remainder when m is divided by 4.
3
Let p = 1266 + -1122. Calculate the remainder when p is divided by 21.
18
Calculate the remainder when 2*((-575)/(-75))/(2/9) is divided by 10.
9
Calculate the remainder when 22 is divided by (-10)/55 + 68/11.
4
Let i = -29 - -40. Suppose 3*p = 2*x + 160, 0 = -p + 2*x + 70 - 18. What is the remainder when p is divided by i?
10
Let u(f) = 86 - 134 + f**3 + 70 + f. Calculate the remainder when 82 is divided by u(0).
16
Suppose -2*m + 5*m = 21. Let d be 4/(9/42*(-4)/6). What is the remainder when (378/d)/(1/(-2)) is divided by m?
6
Let t(l) = 2*l + 3. Let m be t(0). Suppose -4*f - 33 = v - 302, 198 = m*f + 2*v. What is the remainder when f is divided by 18?
14
Let q be 3/6 + 468/8. Let f = 82 - q. Let u(b) = b**3 - 9*b**2 + 6*b + 12. Calculate the remainder when u(9) is divided by f.
20
Let u = -14